(k) = -5*k - 6. What is z(0)?
-6
Let p(f) = -f**2 + 4*f - 3. Determine p(4).
-3
Let y(w) = -5*w - 93. Give y(-19).
2
Let y(i) = -i**2 - 6*i - 10. Determine y(-3).
-1
Let w(v) = -v**3 + 7*v**2 + 4*v + 1. What is w(8)?
-31
Let q(l) = l**3 - 12*l**2 + 20*l - 4. Calculate q(10).
-4
Let q(n) = n**2 - 7*n - 6. Give q(5).
-16
Let u(v) = 5*v - 100. Determine u(21).
5
Let r(q) = q**3 + 10*q**2 - 9*q + 18. What is r(-11)?
-4
Let v(k) = -8*k**2 - 7*k. Give v(-3).
-51
Let o(y) = -12*y + 102. Calculate o(7).
18
Let s(y) = -y + 8. Determine s(6).
2
Let d(z) = 32*z + 639. Determine d(-20).
-1
Let n(y) = 7*y - 30. Give n(4).
-2
Let j(l) = -6*l**3 + 37*l**2 - 7*l + 5. What is j(6)?
-1
Let c(o) = 2*o**3 - 17*o**2 + 4*o - 9. Calculate c(8).
-41
Let o(f) = -6*f**2 + 155*f + 12. Give o(26).
-14
Let o(q) = q**3 + 4*q**2 + q - 3. Determine o(-6).
-81
Let g(l) = -4*l + 21. Give g(7).
-7
Let n(r) = r**2 - 36*r + 228. Calculate n(29).
25
Let u(q) = q**2 - 5*q - 7. Calculate u(7).
7
Let x(b) = b**3 - 4*b**2 - b - 4. Calculate x(3).
-16
Let q(s) = s**3 - 6*s**2 - 75*s + 30. Calculate q(12).
-6
Let a(r) = r**2 + 4*r - 9. Calculate a(-6).
3
Let n(b) = 13*b + 168. Determine n(-13).
-1
Let n(z) = -13*z**2 - 55*z. Determine n(-4).
12
Let m(r) = 2*r - 4. Determine m(3).
2
Let j(c) = c**3 + 17*c**2 + 7*c + 3. Give j(-17).
-116
Let z(p) = -p - 9. Determine z(8).
-17
Let i(y) = y**3 + 9*y**2 - 9*y - 10. What is i(-10)?
-20
Let j(z) = 3*z - 4. Determine j(1).
-1
Let v(z) = z - 15. Calculate v(3).
-12
Let j(c) = -c**3 + c**2 - 6*c - 11. What is j(0)?
-11
Let n(o) = -o**2 + 7*o + 11. Give n(8).
3
Let f(p) = -p**2 + 10*p - 12. What is f(7)?
9
Let w(o) = o**2 + 6*o - 104. Give w(8).
8
Let k(j) = -2*j**2 + 17*j + 14. Give k(9).
5
Let q(v) = -31*v + 147. Calculate q(5).
-8
Let k(a) = -a**3 - 4*a**2 - 9*a + 1. Calculate k(-4).
37
Let a(n) = 4*n + 27. Give a(-5).
7
Let j(t) = -17*t + 1. Determine j(-1).
18
Let h(k) = 15*k. Determine h(3).
45
Let h(p) = 6*p + 7. Determine h(-10).
-53
Let o(w) = -15*w + 153. What is o(10)?
3
Let u(s) = s**3 + 27*s**2 + 72*s + 4. Determine u(-24).
4
Let f(n) = -4*n + 21. What is f(3)?
9
Let g(p) = p**3 - 17*p**2 + p - 18. Determine g(17).
-1
Let i(x) = x**3 - x**2 - 3*x - 49. Determine i(0).
-49
Let m(c) = c - 21. Determine m(-9).
-30
Let c(q) = -3*q + 1. Determine c(8).
-23
Let d(g) = 9*g - 1. Determine d(13).
116
Let o(z) = z**2 - 10*z + 11. What is o(6)?
-13
Let y(x) = -3*x**2 + 5*x + 56. Calculate y(5).
6
Let x(k) = 22*k**3 + 4*k**2 + 3*k. Determine x(-1).
-21
Let b(s) = 2*s**2 - 4*s + 1. Determine b(4).
17
Let f(h) = 4*h**2 - 4*h + 3. Determine f(3).
27
Let c(w) = -w. What is c(-6)?
6
Let z(j) = 5*j - 36. Calculate z(8).
4
Let h(l) = -13*l - 2. Calculate h(-12).
154
Let u(b) = -b**2 + 4*b + 56. Calculate u(-6).
-4
Let r(j) = -24*j**3 - 2*j**2 + 2. Calculate r(1).
-24
Let n(w) = -9*w**2 + w + 4. Calculate n(-1).
-6
Let r(w) = 26*w**2 + w + 2. Calculate r(-1).
27
Let l(o) = -o**2 + 5*o + 242. What is l(-13)?
8
Let a(h) = 8*h - 13. Give a(3).
11
Let q(k) = -k**3 - 30*k**2 - 82*k - 23. Give q(-27).
4
Let n(j) = -j**2 + 2*j + 3. Determine n(-1).
0
Let u(l) = -13*l - 133. What is u(-10)?
-3
Let n(c) = -c**2 + 22*c - 14. What is n(15)?
91
Let h(b) = -3*b**2 - 109*b - 42. Calculate h(-36).
-6
Let t(b) = -3*b**2 + 92*b - 36. Calculate t(30).
24
Let h(u) = -u**3 - 13*u**2 + 13*u - 24. What is h(-14)?
-10
Let c(s) = -9*s - 128. Determine c(-10).
-38
Let n(j) = j**2 + 22*j - 65. Calculate n(-24).
-17
Let t(o) = 3*o**2 - o - 1. Give t(-1).
3
Let k(s) = -s + 28. What is k(22)?
6
Let k(a) = -a**3 + 10*a**2 - 27*a + 12. Calculate k(6).
-6
Let l(j) = 2*j**3 - 24*j**2 + 74*j - 13. What is l(7)?
15
Let c(t) = -t + 88. Determine c(0).
88
Let m(l) = -l**3 + 6*l**2 + 4*l + 7. Give m(6).
31
Let j(n) = -16*n**2 - 129*n + 2. What is j(-8)?
10
Let b(r) = -r**3 + 13*r**2 - 22*r + 2. Give b(11).
2
Let u(n) = -n**2 - 14*n - 26. Give u(-12).
-2
Let c(t) = t**2 + 24*t. What is c(-17)?
-119
Let m(r) = -r**3 + r**2 - 2*r - 2. Determine m(-4).
86
Let q(u) = -u**3 + 21*u**2 + 45*u + 2. Calculate q(23).
-21
Let w(f) = 4*f - 11. Determine w(6).
13
Let q(l) = -90*l + 364. What is q(4)?
4
Let i(r) = r**2 - 13*r + 1. Give i(8).
-39
Let p(s) = -s**3 - 20*s**2 - 4*s - 36. Determine p(-20).
44
Let c(g) = g**3 + 10*g**2 - 11*g + 12. What is c(-11)?
12
Let b(y) = 4*y + 36. Give b(-10).
-4
Let a(k) = -2*k + 3. Determine a(0).
3
Let k(m) = m**2 + 11*m - 5. What is k(-13)?
21
Let j(s) = -s**2 + 4*s + 19. Calculate j(10).
-41
Let q(s) = -s**3 - 3*s**2 + 3*s + 5. What is q(-4)?
9
Let g(u) = -u + 12. Determine g(-4).
16
Let q(k) = k**2 + k + 5. Give q(-8).
61
Let p(w) = w**3 - 10*w**2 + w - 13. What is p(10)?
-3
Let g(k) = 11*k + 82. Give g(-7).
5
Let f(g) = 7*g**2 - 3*g. Determine f(2).
22
Let m(s) = s**3 - 13*s**2 + 35*s + 14. Determine m(9).
5
Let i(d) = -25*d + 344. Determine i(14).
-6
Let y(j) = j**2 + 14*j + 2. Give y(-14).
2
Let k(p) = 7*p**2. What is k(-1)?
7
Let q(m) = -m + 8. Give q(4).
4
Let w(x) = -x**2 + 2*x - 11. Give w(6).
-35
Let g(m) = -m**3 + 39*m**2 - m + 33. Determine g(39).
-6
Let b(z) = -2*z - 84. Determine b(-46).
8
Let n(a) = -3*a**2 + 26*a + 41. What is n(10)?
1
Let h(a) = 25*a**2 + 31*a - 33. Calculate h(1).
23
Let d(v) = -233*v + 1161. What is d(5)?
-4
Let q(x) = 2*x**2 + 32*x - 2. What is q(-16)?
-2
Let u(p) = -p**3 + 26*p**2 + p - 61. Determine u(26).
-35
Let p(k) = 8*k - 97. Give p(15).
23
Let q(x) = -x**2 - 9*x + 2. Calculate q(-11).
-20
Let l(o) = -10*o - 45. Give l(-6).
15
Let w(c) = -c**2 - 3*c - 5. Determine w(-9).
-59
Let d(l) = l**3 - 10*l**2 + 2*l + 61. Calculate d(9).
-2
Let m(h) = -31*h**3 - 2*h**2 - 3*h - 2. Determine m(-1).
30
Let m(l) = l - 3. Give m(6).
3
Let i(c) = -c**2 + 53*c + 174. What is i(56)?
6
Let w(q) = -2*q**2 + 8*q - 5. What is w(3)?
1
Let c(z) = -3*z**2 + 7*z + 9. Give c(-5).
-101
Let g(o) = o**2 + 8*o - 7. What is g(-9)?
2
Let f(k) = 52*k + 315. What is f(-6)?
3
Let c(w) = -2*w + 33. Give c(15).
3
Let r(c) = -c**3 + c**2 + 38. Calculate r(0).
38
Let c(o) = o**2 - 6*o - 4. Calculate c(6).
-4
Let l(t) = -3*t - 89. Determine l(0).
-89
Let j(t) = 51*t. Determine j(-1).
-51
Let o(l) = 44*l**3 + l**2 + 2*l - 3. Determine o(1).
44
Let b(v) = -2*v**2 + 20*v + 41. Give b(-2).
-7
Let q(g) = -g**3 + 3*g**2 - 11*g + 4. What is q(2)?
-14
Let k(t) = -t - 7. What is k(14)?
-21
Let w(j) = j**3 - 3*j**2 + 3*j + 11. Determine w(-2).
-15
Let d(y) = 4*y - 44. Determine d(-14).
-100
Let z(q) = 2*q**2 + 18*q + 45. Give z(-9).
45
Let g(j) = 15*j - 333. Calculate g(22).
-3
Let g(l) = -3*l + 9. Give g(5).
-6
Let j(y) = 7*y**2 + 3*y - 1. Determine j(2).
33
Let l(p) = -p**3 + 10*p**2 - 23*p - 1. Give l(6).
5
Let s(x) = 3*x**2 + 97*x - 69. Give s(-33).
-3
Let u(m) = -m**2 + 6*m + 6. Calculate u(10).
-34
Let y(l) = -4*l**2 + 27*l + 26. Give y(-1).
-5
Let u(d) = -d**3 + 5*d**2 - 11. Give u(5).
-11
Let t(j) = 5*j - 75. What is t(11)?
-20
Let g(n) = -2*n**2 - 12*n - 12. Give g(-7).
-26
Let p(s) = -10*s + 105. Determine p(8).
25
Let a(g) = -g**3 + 19*g**2 + 19*g + 15. Calculate a(20).
-5
Let y(c) = c - 4. Determine y(3).
-1
Let d(i) = -3*i. Give d(-6).
18
Let d(u) = 104*u - 95. Calculate d(1).
9
Let z(c) = -c**3 + 20*c**2 + 22*c - 17. Calculate z(21).
4
Let i(m) = -8*m**2 - 2*m - 2. Determine i(-1).
-8
Let y(p) = -2*p**3 + p**2 - 104. What is y(0)?
-104
Let n(z) = 3*z**3 - 17*z**2 - 6*z + 10. Determine n(6).
10
Let f(b) = -4*b + 78. Determine f(18).
6
Let b(y) = -2*y**3 - 14*y**2 + 16*y + 13. What is b(-8)?
13
Let q(a) = a**2 + 13*a + 8. What is q(-10)?
-22
Let w(b) = -b**3 + 7*b**2 + 8*b + 10. Calculate w(8).
10
Let v(x) = 63*x + 388. Calculate v(-6).
10
Let q(u) = -u**3 + 10*u**2 + 11*u + 2. Give q(11).
2
Let j(v) = 20*v**2 + 122*v + 15. What is j(-6)?
3
Let o(n) = -n + 10. Give o(2).
8
Let b(u) = -u**2 + 47*u - 265. What is b(6)?
-19
Let h(f) = f**3 + 8*f**2 + 11*f + 12. Calculate h(-6).
18
Let w(c) = 2*c**3 + 14*c**2 + 5*c - 39. Determine w(-6).
3
Let j(i) = -i + 5. Give j(12).
-7
Let q(y) = -y**3 - 12*y**2 - 10*y - 9. Give q(-11).
-20
Let f(h) = h - 8. Give f(-11).
-19
Let g(y) = -y**2 + 14*y + 17. Give g(13).
30
Let k(c) = -30*c + 813. Calculate k(27).
3
Let n(i) = i**2 - 8*i + 18. What is n(3)?
3
Let p(m) = -m**2 - 6*m + 21. What is p(-9)?
-6
Let l(z) = z**3 - 12*z**